
-100000110110
What is 2250 (base 12) in base 9?
5186
What is -2222112 (base 3) in base 16?
-87e
What is 422 (base 8) in base 12?
1aa
What is -89f (base 16) in base 4?
-202133
Convert 20332003 (base 4) to base 8.
107603
Convert 11111110100000 (base 2) to base 13.
754c
Convert 25148 (base 10) to base 12.
12678
Convert -102202 (base 3) to base 5.
-2232
2230 (base 13) to base 9
6481
What is -3554 (base 7) in base 6?
-10025
-708 (base 11) to base 9
-1150
Convert 789 (base 16) to base 14.
9bb
-22441 (base 6) to base 3
-11101021
6961 (base 14) to base 2
100011110001001
What is -112305 (base 7) in base 13?
-9180
1516 (base 11) to base 6
13013
What is 50545 (base 8) in base 9?
31522
What is -10403 (base 5) in base 3?
-222222
2482 (base 10) to base 6
15254
What is -106726 (base 9) in base 2?
-1111101000001110
What is c75 (base 15) in base 12?
1762
What is -12187 (base 11) in base 6?
-213035
-7aa (base 11) to base 8
-1707
-403 (base 6) to base 7
-300
Convert 69c (base 14) to base 15.
5c9
What is -1057 (base 9) in base 7?
-2164
Convert -7950 (base 11) to base 4.
-2203131
What is 1d5 (base 15) in base 3?
120202
What is -84 (base 15) in base 14?
-8c
Convert -5012 (base 8) to base 14.
-d18
Convert 22011112 (base 3) to base 8.
13502
104300 (base 5) to base 6
25044
1010014 (base 5) to base 16
3f83
-2001321 (base 5) to base 15
-94c6
Convert -26688 (base 12) to base 10.
-52808
Convert 33555 (base 7) to base 16.
2145
-111001011011 (base 2) to base 14
-14a7
f10 (base 16) to base 10
3856
What is 122102 (base 3) in base 10?
470
Convert -621a (base 12) to base 9.
-15574
What is -2358 (base 12) in base 16?
-f74
Convert -110010100 (base 2) to base 7.
-1115
Convert 100333 (base 4) to base 13.
658
-57f (base 16) to base 3
-1221010
6438 (base 9) to base 3
20111022
-101010011000 (base 2) to base 6
-20320
11011000110011 (base 2) to base 12
8043
113213 (base 4) to base 11
1154
-d (base 14) to base 2
-1101
-155 (base 7) to base 2
-1011001
What is -1004312 (base 5) in base 8?
-37517
Convert 60 (base 16) to base 7.
165
Convert -10502 (base 7) to base 11.
-1a98
Convert 73240 (base 8) to base 16.
76a0
Convert -17185 (base 9) to base 11.
-8978
What is 1212002 (base 3) in base 2?
10101001000
What is 3554 (base 6) in base 4?
31132
1322101 (base 5) to base 12
13426
What is -1221004 (base 5) in base 2?
-101101011010110
What is 64c (base 15) in base 4?
112032
Convert 24a (base 14) to base 15.
208
-6a (base 15) to base 13
-79
What is -788 (base 9) in base 2?
-1010000111
Convert 439 (base 12) to base 14.
325
-644e (base 15) to base 14
-7a40
-201210010 (base 3) to base 2
-11100001010101
What is 43 (base 5) in base 15?
18
-6325 (base 8) to base 4
-303111
-221 (base 5) to base 13
-49
Convert b6b3 (base 16) to base 7.
253234
6106 (base 7) to base 6
13441
Convert 114 (base 6) to base 13.
37
-6b (base 12) to base 14
-5d
What is -11102 (base 4) in base 15?
-178
31 (base 7) to base 8
26
-33011 (base 5) to base 6
-14240
12002010 (base 4) to base 16
6084
1640 (base 8) to base 13
565
Convert -1618 (base 15) to base 16.
-128c
-314231 (base 5) to base 14
-3bca
325434 (base 6) to base 14
9c86
6558 (base 10) to base 11
4a22
What is -165 (base 14) in base 13?
-18c
Convert 2314303 (base 5) to base 10.
41828
-32074 (base 8) to base 15
-3e67
What is -383b (base 13) in base 3?
-101222001
Convert -101202120 (base 3) to base 6.
-100153
1823 (base 9) to base 14
71c
1000022111 (base 3) to base 6
232104
What is 110022122 (base 3) in base 8?
21425
What is 1b8 (base 13) in base 8?
500
What is -79114 (base 10) in base 12?
-3994a
What is -3415 (base 8) in base 4?
-130031
What is 7119 (base 12) in base 5?
343021
-1020012 (base 3) to base 5
-12041
Convert 122220102 (base 3) to base 15.
3d02
Convert 1263 (base 8) to base 5.
10231
-42221 (base 6) to base 10
-5701
-530 (base 12) to base 3
-1001000
What is -4854 (base 9) in base 14?
-1461
What is -100034 (base 6) in base 14?
-2bb0
1123323 (base 4) to base 11
4469
772 (base 12) to base 10
1094
-2785 (base 14) to base 3
-100120102
aa2 (base 16) to base 7
10636
343144 (base 5) to base 15
399e
Convert -20400 (base 5) to base 8.
-2506
Convert -1055 (base 9) to base 15.
-36e
What is 1737 (base 8) in base 7?
2614
Convert 312 (base 9) to base 4.
3332
-2c1a (base 16) to base 15
-352a
67774 (base 8) to base 16
6ffc
Convert -1000110101 (base 2) to base 10.
-565
Convert 2334 (base 14) to base 15.
1c32
What is -13701 (base 11) in base 12?
-b336
Convert 10011 (base 2) to base 14.
15
What is -142401 (base 5) in base 4?
-1131120
Convert -1db (base 15) to base 12.
-2bb
What is -10344 (base 6) in base 16?
-598
-12069 (base 12) to base 11
-17267
What is 1532 (base 10) in base 7?
4316
What is -a0 (base 16) in base 8?
-240
26578 (base 9) to base 5
1033342
What is -2032223 (base 4) in base 11?
-6951
Convert -10010 (base 2) to base 5.
-33
-3441003 (base 5) to base 3
-10011001102
Convert 122376 (base 8) to base 10.
42238
What is -b387 (base 12) in base 16?
-4c57
Convert -543 (base 14) to base 6.
-4451
What is 811 (base 9) in base 4?
22102
What is 1020122 (base 3) in base 8?
1614
Convert -10231 (base 10) to base 11.
-7761
What is -35455 (base 10) in base 16?
-8a7f
Convert 76 (base 11) to base 16.
53
What is 22022102 (base 3) in base 8?
13653
What is 7082 (base 9) in base 14?
1c5b
What is -53002 (base 6) in base 3?
-100210002
Convert 10102220 (base 3) to base 4.
213030
What is -111111111 (base 2) in base 15?
-241
What is -1000001111100010 (base 2) in base 5?
-2040022
-2464 (base 8) to base 6
-10100
Convert -5133 (base 8) to base 7.
-10505
Convert 31142 (base 5) to base 4.
133333
What is -b22 (base 13) in base 6?
-12423
-101201 (base 3) to base 10
-289
1406 (base 8) to base 4
30012
What is -71ba (base 12) in base 8?
-30136
-20130 (base 6) to base 13
-1287
What is -24a21 (base 11) in base 9?
-54141
What is -1600 (base 12) in base 6?
-20000
Convert 101110110010001 (base 2) to base 7.
126556
-465 (base 10) to base 8
-721
Convert 18c (base 13) to base 5.
2120
What is c8 (base 15) in base 5?
1223
What is 270 (base 11) in base 16?
13f
-2d33 (base 15) to base 10
-9723
Convert -25747 (base 8) to base 11.
-8498
12213123 (base 4) to base 5
1331344
What is 231d (base 15) in base 11?
5666
What is -5405 (base 7) in base 3?
-2121222
Convert 1662 (base 7) to base 4.
22221
Convert 1707 (base 12) to base 8.
5267
Convert 211020000 (base 3) to base 16.
3f48
What is 10330302 (base 4) in base 11?
14261
Convert d3c0 (base 14) to base 8.
107114
What is -23322 (base 4) in base 15?
-35c
-938 (base 11) to base 6
-5122
369a (base 11) to base 15
166d
ec (base 15) to base 10
222
-2527 (base 9) to base 11
-1467
-19965 (base 11) to base 14
-a1a4
Convert -12396 (base 10) to base 7.
-51066
What is 503 (base 7) in base 10?
248
Convert -1118 (base 10) to base 16.
-45e
What is 3ae (base 15) in base 16?
347
469a (base 16) to base 14
6830
Convert 104a0 (base 12) to base 11.
15114
What is -77a7 (base 11) in base 14?
-3a65
-5374 (base 8) to base 6
-21004
-75 (base 10) to base 15
-50
Convert -164a0 (base 11) to base 9.
-34761
Convert 520 (base 9) to base 11.
355
Convert -90a (base 12) to base 15.
-5c1
10000121 (base 4) to base 6
203545
What is 1111101 (base 2) in base 13?
98
What is 15d (base 15) in base 3?
102121
What is 3300 (base 5) in base 4?
13002
Convert 1212 (base 10) to base 12.
850
What is 7b28 (base 12) in base 6?
143252
Convert -120120 (base 4) to base 9.
-2123
What is -20022020 (base 4) in base 2?
-1000001010001000
42010 (base 5) to base 12
1717
1000011110 (base 2) to base 16
21e
What is 472 (base 10) in base 16?
1d8
Convert -11b5 (base 16) to base 6.
-32553
-11111010111010 (base 2) to base 5
-1003213
What is -185a (base 11) in base 10?
-2364
What is -2ba (base 13) in base 10?
-491
10011110110101 (base 2) to base 10
10165
-541 (base 6) to base 12
-151
What is -1113 (base 7) in base 5?
-3102
-3688 (base 9) to base 11
-2083
12120220 (base 3) to base 10
4074
Convert 2910 (base 11) to base 12.
2216
1611 (base 7) to base 14
341
What is 1321 (base 10) in base 11?
aa1
What is -10303 (base 9) in base 15?
-203c
12033 (base 6) to base 7
5046
Convert -10a64 (base 12) to base 15.
-68d7
What is 100101111110 (base 2) in base 12?
14a6
What is -470 (base 13) in base 15?
-362
Convert 344 (base 15) to base 14.
3ab
-21b (base 16) to base 1